Suppose -409 = 6*q - s. Calculate the remainder when 24 is divided by q.
10
Suppose 2*b = -2*b + 308. Suppose n + m + 55 = -3*n, 5*n + 4*m = -b. Let z = -1 - n. Calculate the remainder when z is divided by 9.
3
Let h = -201 + 206. Suppose -201 - 109 = -5*i - h*v, -4*i + 2*v = -278. What is the remainder when i is divided by 9?
4
Let q be (344/(-20))/((-3)/330). Suppose 40*b = 44*b - q. What is the remainder when b is divided by 19?
17
Let u(r) = 6*r**2 + 19*r + 19. Let v be u(-7). Let w = -81 + v. What is the remainder when w is divided by 10?
9
Suppose 161 = -m + 425. Let u be 34/((3 - 1)/8). Suppose 2*z + 3*p - u = 0, -4*p + m = -0*z + 4*z. What is the remainder when z is divided by 16?
14
Let o(s) = -s**2 + 37*s + 33. Calculate the remainder when 187 is divided by o(33).
22
Let j = -555 - -572. Calculate the remainder when 268 is divided by j.
13
Let t = 2483 - 2302. Calculate the remainder when 1409 is divided by t.
142
Suppose -j - 75*p + 47 = -78*p, -j + 25 = -p. Let g(f) = f**2 - 4*f + 6. What is the remainder when g(7) is divided by j?
13
Suppose -459 = -d - 5*m, 0 = -d - 71*m + 68*m + 473. What is the remainder when d is divided by 40?
14
Let y(d) = 4*d + 37. Let b be y(-8). Suppose -69 = -5*m + 11. What is the remainder when ((-744)/(-60))/(1/b) is divided by m?
14
Let b = 539 - 370. Suppose 6*k = 28*k - 638. Calculate the remainder when b is divided by k.
24
Calculate the remainder when (-2 - -11)*(-327)/18*-2 is divided by 99.
30
Suppose -1654*q + 37120 = -174592. Let w(t) = -t**3 - 7*t**2 - 8*t + 3. What is the remainder when q is divided by w(-7)?
10
Let b(z) = 8*z + 630. Calculate the remainder when b(-63) is divided by 22.
16
Suppose 2*w + 14 = -0*w. What is the remainder when -2 + 0 + 2*1092/24 is divided by -2*23*w/14?
20
Let w(g) = -6*g**3 + 2*g**2 + 11*g - 9. Let a(c) = -3*c**3 + c**2 + 6*c - 5. Let j(x) = -5*a(x) + 2*w(x). What is the remainder when 196 is divided by j(2)?
9
Suppose 0 = -3*t + b + 55, 0 = -4*t + 5*b + 16 + 72. Suppose d - 15 = -1. What is the remainder when t is divided by d?
3
Calculate the remainder when (-10 + 10)/12 - (1 + -9) is divided by 1.
0
Suppose 0 = 4*t - o - 2263, -1136 = -2*t - 4*o + 6*o. Calculate the remainder when t is divided by ((-9)/5)/(318/(-105) - -3).
61
Suppose -q = -23739 + 22799. Calculate the remainder when q is divided by 140.
100
Suppose 4*n - 7 - 1 = 0. Let v be 99/(-11) + 7 + 395/1. Suppose q = -n*q + v. What is the remainder when q is divided by 33?
32
Suppose 0 = a, 0*a - a + 60 = 3*q - 2*a. Calculate the remainder when 1679 is divided by q.
19
Let i be (5/(-10))/((33/252)/11). Suppose 0*k + 2*k - 36 = 0. Calculate the remainder when k/i - 1020/(-28) is divided by 10.
6
Suppose 0 = 4*v - 65 - 79. What is the remainder when 30/(-3)*(-9 + (-187)/22) is divided by v?
31
Suppose -182 = -2*y + 3*v, 0 = -222*y + 218*y - 4*v + 384. Calculate the remainder when 236 is divided by y.
48
Calculate the remainder when 1717 is divided by (-6)/4*((-86)/9 + 242/1089).
9
Suppose 946*l + 352 = 954*l. What is the remainder when l is divided by 13?
5
Let r = 15306 + -15253. What is the remainder when 12242 is divided by r?
52
Let f be (55/(-10))/(6/8)*-6. Suppose f*c - 132 = 40*c. Let m = -30 - -92. Calculate the remainder when m is divided by c.
29
Let n = 1982 + -1711. What is the remainder when n is divided by 92?
87
Let h(r) = -r**2 - 16*r - 9. Let x be h(-6). Let f = -1680 + 1682. Suppose -4*a + f*m + x = a, -2*m = 6. What is the remainder when 60 is divided by a?
6
Calculate the remainder when (-68366)/(-38) + ((-22)/77)/(76/28) is divided by 36.
35
Let n(d) = -895 + 2*d**2 - 903 + 1789 + 12*d. Calculate the remainder when n(5) is divided by 130/6 - (-4)/(-6).
17
Suppose -7*y + 15*y = 23520. Suppose 19*i + 2*i = y. Suppose -5*j = -7*j + i. Calculate the remainder when j is divided by 19.
13
Let t be (1086/(-9))/(25/(-75)). Suppose q - 182 = z, -4*z = -4*q + 2*q + t. What is the remainder when q is divided by 40?
23
Let y be (-4 - -4 - 24)*(-37)/4. Let a = y - 199. What is the remainder when 137 is divided by a?
22
Let s = -50 - -54. Suppose 7*a - s*a - 114 = 0. Let x = -24 + a. What is the remainder when 111 is divided by x?
13
Suppose -20*w - 820 = -25*w. Calculate the remainder when w is divided by -2 - -28 - (9/(-9) - -2).
14
Suppose 5*u - 2*d - 17731 = 6925, -14816 = -3*u - 2*d. What is the remainder when u is divided by 20?
14
Let l(o) = 5*o**2 + 315*o + 5796. Calculate the remainder when l(-18) is divided by 251.
240
Suppose -5*b + 1966 = -4*d, -d + 1 = 5. Calculate the remainder when 87030/b + (-2)/13 is divided by 28.
27
Suppose -5*k = -6*s - 9, -s - 73 = -74. Calculate the remainder when 926 is divided by k.
2
Calculate the remainder when 77/(-42)*1744*36/(-24) is divided by 39.
38
Let r(n) = -49*n + 1. Suppose 126*x + 436 - 2830 = 0. What is the remainder when r(-1) is divided by x?
12
Suppose -33 = -4*b + 3*s + 35, 5*b - 3*s = 82. Suppose 3*k = -2*l + b, 3*k + 2*l - 26 = 6*l. Calculate the remainder when 38 is divided by k.
2
Let l = 745 + -666. What is the remainder when l is divided by 43 + 8/((-16)/10)?
3
Let r(z) = z. Let c(m) = m + 13. Let j be c(-9). Suppose 3*x = -j*i + i + 27, 2*x - 9 = -i. What is the remainder when i is divided by r(6)?
3
Suppose 38*f - 46*f + 168 = 0. Calculate the remainder when f is divided by 4.
1
Suppose 10*d - 6*d - 386 = 3*h, 4*d - 4*h - 388 = 0. What is the remainder when d is divided by 26?
17
Let s(a) = -2*a**3 + 7*a**2 + 4*a + 7. Let k be (-14)/(-4) + (-13)/(-26). Calculate the remainder when 60 is divided by s(k).
4
Let z be (-6)/2 - (200/(-2))/4. Let l = z - -17. Suppose -5*o + 16 = -o + 2*i, 26 = 5*o + i. What is the remainder when l is divided by o?
3
Suppose 45 = 3*h - 2*x + x, 0 = h - x - 17. Let u(b) = b**3 - 14*b**2 + 2*b + 4. What is the remainder when u(h) is divided by -11*(0 - (-2 - -3))?
10
Let t = 7613 - 7477. Calculate the remainder when 403 is divided by t.
131
Let y = 1992 + -1980. Calculate the remainder when 1*3/(-6)*-114 is divided by y.
9
Let r = 1330 - 1295. Calculate the remainder when 654 is divided by r.
24
Let w = -61 + 64. Suppose -v - w*x - 2*x + 95 = 0, -4*x = -2*v + 176. What is the remainder when 628 is divided by v?
88
Let i(d) be the first derivative of 5*d**3/3 - 3*d - 1. Let f = 917 - 908. Calculate the remainder when i(3) is divided by f.
6
Let m(p) = -13*p - 1. Let y be m(-10). Suppose 7*n - 18 = 38. Calculate the remainder when (-1)/2 - y/(-6) is divided by n.
5
Suppose 11*p + 4 = 10*p. Let k be 1*(p - -3)*4. Calculate the remainder when (252 + k)/2 - -2 is divided by 32.
30
Let u(m) = -9*m - 10. Let j be (-1 - (-2 - 3)) + -8. What is the remainder when 10*1*30/3 is divided by u(j)?
22
Suppose -2*o + 12 + 0 = -a, 12 = -2*o - 5*a. Suppose -2*f = 4*r - 130, -3*r = -r + o. Calculate the remainder when f is divided by 12.
9
Let m = 2 - -13. Let l = m - -45. What is the remainder when l is divided by 32?
28
Let i be 628/(-8) - (-4)/8. Let v = i + 109. Calculate the remainder when v is divided by (3 + -1 + 1)*(-44)/(-23 + 12).
7
Let i(z) = 9*z**2 - 63*z + 26*z + 36*z + 9 + 2*z**3. Calculate the remainder when i(5) is divided by 16.
15
Suppose 4*j + 15*k - 112 = 22*k, 0 = -2*j + 4*k + 58. What is the remainder when 68 is divided by j?
5
What is the remainder when (-3)/(-21) - 808720/(-77) is divided by 17?
14
Let j be (-680)/(-85)*3/(-4). What is the remainder when 492 is divided by 106/6 + ((-180)/27 - j)?
16
Suppose -4*x + 1633 = -3*w, -9*w + 432 = x - 5*w. Calculate the remainder when x is divided by 38.
32
Let r(c) be the first derivative of -c**2/2 + 44*c - 1. Suppose -4*u + 37 + 11 = -3*q, u = -3*q + 27. What is the remainder when r(u) is divided by 10?
9
Let s be (10 + 7)*3*-2. Let l = -97 - s. Calculate the remainder when 97 is divided by l.
2
Let w(a) = -a**3 + 6*a - 61. Calculate the remainder when 8089 is divided by w(-6).
116
Let l be (6220/(-25))/4 - 1/(-5). Suppose 0 = 2*j - j + 24. Let o = j - l. Calculate the remainder when o is divided by 13.
12
Suppose 0 = -2*y + 4*i + 40, -y + 0*y + 17 = i. Suppose -47 + 119 = -18*q. Calculate the remainder when 0 + (31 - (4 + q) - -3) is divided by y.
16
Let r(v) = -21*v + 32. Let z be r(-5). Let h = z - 122. Let j(a) = -a**2 + 18*a - 41. Calculate th